0?
True
Is 41317 a multiple of 9?
False
Is 95 a factor of 127085?
False
Is 13102463 a multiple of 1243?
True
Does 2 divide 79796?
True
Does 15 divide 9150?
True
Does 176 divide 308055?
False
Does 27 divide 11844353?
False
Does 3 divide 9003?
True
Is 18444 a multiple of 4?
True
Does 11 divide 7181570?
True
Is 194220 a multiple of 390?
True
Does 16 divide 1161440?
True
Is 35 a factor of 566160?
True
Does 5 divide 1876510?
True
Is 142 a factor of 146727?
False
Is 7696 even?
True
Is 115328 a multiple of 68?
True
Does 61 divide 21920228?
True
Is 1498 a multiple of 13?
False
Is 26 a factor of 362779?
False
Is 4246057 a multiple of 38?
False
Is 243 a factor of 1928205?
True
Is 1787903 a multiple of 135?
False
Does 5 divide 1445605?
True
Is 70 a factor of 3449040?
True
Is 128057 a multiple of 975?
False
Is 83845 a multiple of 15?
False
Does 343 divide 2289525?
True
Is 4095150 a multiple of 15?
True
Is 144064 a multiple of 563?
False
Is 15 a factor of 831606?
False
Is 4 a factor of 11932?
True
Is 21382 a multiple of 2?
True
Is 423080 a multiple of 20?
True
Is 258880 a multiple of 59?
False
Is 606385 a multiple of 95?
True
Is 72442 a multiple of 3?
False
Is 285 a factor of 11244105?
True
Is 5 a factor of 293082?
False
Does 43 divide 161391?
False
Does 3 divide 53789?
False
Is 1447049 a multiple of 244?
False
Is 1404500 a multiple of 125?
True
Does 113 divide 2057146?
False
Is 30 a factor of 22640?
False
Does 13 divide 1317743?
False
Is 62892 a multiple of 9?
True
Is 16 a factor of 21098?
False
Does 2 divide 39443?
False
Is 1374 a factor of 13893888?
True
Is 85 a factor of 54242?
False
Is 1191 a factor of 1083344?
False
Does 58 divide 22040?
True
Does 11 divide 781022?
True
Is 6 a factor of 2699044?
False
Does 11 divide 1882675?
False
Is 166032 a multiple of 16?
True
Is 17 a factor of 93401?
False
Is 2 a factor of 54912?
True
Does 13 divide 7181?
False
Is 19 a factor of 737808?
True
Does 61 divide 9267059?
True
Is 432 a factor of 1493856?
True
Is 2511304 a multiple of 193?
False
Is 105824 a multiple of 7?
False
Is 88409 a multiple of 6?
False
Is 57967 a multiple of 245?
False
Is 130 a factor of 377390?
True
Does 5 divide 102793?
False
Is 897550 a multiple of 725?
True
Is 26 a factor of 3422658?
False
Is 677 a factor of 4262392?
True
Is 14 a factor of 51380?
True
Does 105 divide 12903?
False
Does 26 divide 10570352?
True
Is 4 a factor of 3885099?
False
Is 767232 a multiple of 32?
True
Is 2837961 a multiple of 4?
False
Is 1357533 a multiple of 3?
True
Is 6536 a multiple of 13?
False
Does 22 divide 6576316?
False
Is 234729 a multiple of 3?
True
Does 32 divide 18550816?
True
Is 55583 a multiple of 9?
False
Is 91 a factor of 1218867?
False
Is 431 a factor of 762439?
True
Is 60351 a multiple of 196?
False
Does 19 divide 2225173?
False
Is 53142 a multiple of 102?
True
Does 30 divide 267825?
False
Is 163 a factor of 3604581?
False
Is 626580 a multiple of 177?
True
Is 1372957 a multiple of 500?
False
Is 861673 a multiple of 416?
False
Does 15 divide 8245018?
False
Is 134591 a multiple of 7?
False
Is 291830 a multiple of 35?
True
Does 3 divide 648373?
False
Does 10 divide 180420?
True
Does 6 divide 143118?
True
Is 44 a factor of 4440964?
True
Is 662 a factor of 1717228?
True
Does 470 divide 5350480?
True
Does 27 divide 2670313?
False
Is 658 a factor of 6497750?
True
Is 4919958 a multiple of 443?
True
Does 460 divide 5678414?
False
Is 52541 a multiple of 162?
False
Does 79 divide 1440188?
False
Is 45 a factor of 5289472?
False
Is 89 a factor of 28658?
True
Does 97 divide 4674989?
False
Does 5 divide 650?
True
Is 2577222 a multiple of 9?
True
Is 248 a factor of 1827522?
False
Does 9 divide 178870?
False
Does 308 divide 7948392?
False
Is 30 a factor of 113910?
True
Is 1996556 a multiple of 19?
False
Is 469569 a multiple of 20?
False
Is 94 a factor of 86574?
True
Is 348 a factor of 1418796?
True
Is 100 a factor of 153023?
False
Does 672 divide 685580?
False
Does 97 divide 1527556?
True
Is 729603 a multiple of 7?
True
Is 26 a factor of 1941160?
True
Is 84 a factor of 71148?
True
Is 465564 a multiple of 12?
True
Does 128 divide 1388800?
True
Is 6 a factor of 2543039?
False
Does 164 divide 847224?
True
Does 111 divide 1908778?
False
Does 10 divide 1494730?
True
Is 1303 a factor of 1614417?
True
Does 3 divide 3215506?
False
Is 14 a factor of 39534?
False
Does 56 divide 7830317?
False
Does 12 divide 31218?
False
Is 804 a factor of 9845805?
False
Does 3 divide 1098?
True
Is 94380 a multiple of 13?
True
Is 94448 a multiple of 2?
True
Is 4364645 a multiple of 31?
True
Is 118 a factor of 6533241?
False
Does 508 divide 4833112?
True
Is 4312035 a multiple of 507?
True
Does 20 divide 2057321?
False
Does 80 divide 1511460?
False
Is 48 a factor of 1287666?
False
Is 29 a factor of 96164?
True
Does 211 divide 11070326?
True
Does 7 divide 1281938?
True
Is 709808 a multiple of 22?
True
Is 18 a factor of 10508567?
False
Does 423 divide 376047?
True
Is 166 a factor of 16610710?
False
Is 43 a factor of 14608?
False
Does 38 divide 20140?
True
Is 30 a factor of 733386?
False
Does 67 divide 352889?
True
Is 423 a factor of 3347199?
True
Is 134 a factor of 1098567?
False
Is 84 a factor of 132409?
False
Is 2812304 a multiple of 319?
True
Is 1050088 a multiple of 82?
False
Is 94343 a multiple of 218?
False
Is 343342 a multiple of 21?
False
Does 501 divide 5240094?
False
Does 192 divide 1272329?
False
Is 74096 a multiple of 14?
False
Is 7767300 a multiple of 425?
True
Is 17358 a multiple of 355?
False
Does 15 divide 48465?
True
Is 1412847 a multiple of 179?
True
Is 260 a multiple of 65?
True
Does 124 divide 18625166?
False
Is 8 a factor of 72625?
False
Is 1155433 a multiple of 109?
False
Is 358116 a multiple of 12?
True
Is 22 a factor of 148499?
False
Does 735 divide 5144660?
False
Is 6497 even?
False
Does 16 divide 85695?
False
Is 9 a factor of 1816091?
False
Is 255 a factor of 790500?
True
Is 213975 a multiple of 225?
True
Is 14923648 a multiple of 16?
True
Is 2 a factor of 1996596?
True
Is 13 a factor of 3680495?
True
Is 8 a factor of 1848168?
True
Is 180057 a multiple of 3?
True
Does 21 divide 185599?
False
Is 1674677 a multiple of 103?
True
Is 79 a factor of 132220?
False
Is 624 a factor of 15447950?
False
Is 213095 a multiple of 7?
False
Does 279 divide 6975?
True
Is 39 a factor of 48009?
True
Is 292 a factor of 145121?
False
Does 31 divide 74918?
False
Is 4989 a multiple of 63?
False
Does 26 divide 369397?
False
Is 6 a factor of 9596585?
False
Is 25158 a multiple of 2?
True
Does 49 divide 2538592?
True
Does 41 divide 3797545?
False
Does 293 divide 134487?
True
Is 4049820 a multiple of 12?
True
Is 250 a factor of 89750?
True
Is 2 a factor of 159678?
True
Is 40 a factor of 122468?
False
Is 16 a factor of 28096?
True
Is 64672 a multiple of 43?
True
Does 39 divide 437978?
False
Is 6889 a multiple of 2?
False
Is 12 a factor of 384636?
True
Is 3264244 a multiple of 47?
True
Is 6 a factor of 8694696?
True
Is 145 a factor of 11276470?
False
Is 3075718 a multiple of 763?
False
Is 239475 a multiple of 93?
True
Does 187 divide 3301485?
True
Is 7276577 a multiple of 121?
True
Is 11942951 a multiple of 449?
True
Is 59094 a multiple of 26?
False
Does 5 divide 2061400?
True
Is 7 a factor of 208368?
False
Is 19 a factor of 940946?
False
Is 764395 a multiple of 244?
False
Is 42 a factor of 288120?
True
Does 104 divide 1256112?
True
Does 64 divide 224404?
False
Does 4 divide 93808?
True
Is 449244 a multiple of 7?
False
Is 604720 a multiple of 7?
False
Is 3 a factor of 39285?
True
Is 30405 a multiple of 5?
True
Does 36 divide 31230?
False
Is 7 a factor of 25783?
False
Is 84840 a multiple of 28?
True
Is 381582 a multiple of 261?
True
Does 21 divide 50924?
False
Does 702 divide 1475604?
True
Does 4 divide 250425?
False
Is 43 a factor of 113348?
True
Does 83 divide 14741346?
False
Does 151 divide 6615310?
True
Does 12 divide 5471328?
True
Does 149 divide 628929?
True
Is 262891 a multiple of 25?
False
Is 67 a factor of 15367?
False
Is 23 a factor of 714012?
True
Is 1259912 a multiple of 15?
False
Is 16516113 a multiple of 17?
False
Is 410295 a multiple of 20?
False
Is 75 a factor of 6000?
True
Is 23 a factor of 369794?
True
Is 275490 a multiple of 9?
True
Is 5 a factor of 138697?
False
Does 9 divide 60813?
